 6) in base 13?
19a7a55
Convert -413223 (base 7) to base 12.
-34b59
Convert 58b6 (base 13) to base 10.
12486
Convert -334332 (base 12) to base 5.
-202103321
What is 472773 (base 9) in base 8?
1053066
What is e687 (base 15) in base 8?
137127
598998 (base 13) to base 3
11000100120020
Convert 2122001 (base 6) to base 10.
104113
Convert -100001010111111110 (base 2) to base 6.
-2532514
What is 256312 (base 8) in base 2?
10101110011001010
Convert -30311321011 (base 4) to base 11.
-199a307
Convert -7716327 (base 10) to base 9.
-15460726
-2000334 (base 5) to base 16
-7a70
Convert 1015 (base 8) to base 12.
379
Convert -131010223 (base 5) to base 13.
-195b9a
What is -61e44c (base 15) in base 13?
-c6cac5
What is -1414422 (base 5) in base 9?
-44244
Convert 110100011110111101 (base 2) to base 7.
1553513
What is -a526b (base 14) in base 2?
-1100001010000011111
Convert -1223211033 (base 4) to base 8.
-1534517
-50003351 (base 7) to base 11
-236367a
Convert -1001000001010111011011 (base 2) to base 15.
-31aa96
Convert -3711523 (base 8) to base 12.
-41286b
-249a216 (base 11) to base 14
-80ad60
-978ba (base 15) to base 6
-14151521
Convert 13463654 (base 7) to base 14.
24add4
-85e8 (base 16) to base 14
-c6c8
What is -343605 (base 9) in base 16?
-324f5
What is -16a271 (base 15) in base 8?
-4137327
Convert 10132113201 (base 4) to base 14.
22766d
What is 4441522 (base 6) in base 2?
110110100001011010
What is 4005540 (base 6) in base 11?
1191a6
-100a9 (base 13) to base 14
-a660
Convert -22102010032 (base 4) to base 10.
-2695438
-110111101100100000 (base 2) to base 13
-7cab4
What is 122021122001210 (base 3) in base 10?
9184719
-618606 (base 12) to base 13
-4168bc
What is -381799 (base 12) in base 15?
-1312ac
Convert 512241 (base 9) to base 11.
197aa6
Convert 264215 (base 8) to base 16.
1688d
Convert 13110255 (base 6) to base 14.
b252b
183528 (base 9) to base 6
2240255
Convert -7a9a99 (base 11) to base 16.
-13a398
What is 7570a (base 15) in base 2?
1011011000001100011
-1769253 (base 11) to base 4
-23130030003
Convert -21005331 (base 6) to base 16.
-945f7
-2273382 (base 10) to base 11
-1313031
-12202223210 (base 4) to base 8
-6425344
182924 (base 12) to base 10
419500
-250104400 (base 6) to base 14
-8c16da
46e0a (base 15) to base 2
110111001001110110
Convert 6006513 (base 7) to base 11.
4440a5
1000000110100110111 (base 2) to base 4
1000310313
Convert 124443032 (base 5) to base 11.
397440
Convert 33465 (base 9) to base 16.
56ed
-120000022 (base 3) to base 12
-63bb
What is 1bdc3 (base 15) in base 3?
11121122010
Convert 767924 (base 13) to base 8.
12504023
What is 13402454 (base 8) in base 10?
3015980
1527545 (base 8) to base 11
27a189
Convert -9b749 (base 14) to base 4.
-1130020111
-4123131 (base 5) to base 4
-100123123
What is 55214212 (base 6) in base 15?
2291a2
What is 100101000101111011 (base 2) in base 12?
73b0b
What is -134244420 (base 5) in base 6?
-22534112
Convert 3412b6 (base 13) to base 5.
303341212
Convert -1c7d9 (base 14) to base 12.
-36237
758946 (base 12) to base 9
3445330
-341987 (base 12) to base 7
-10035211
Convert -223013022 (base 4) to base 8.
-530712
What is -201033322002 (base 4) in base 11?
-4a13431
-17805 (base 11) to base 16
-6163
Convert 32ba1 (base 14) to base 8.
360231
-23a510 (base 12) to base 9
-1070633
What is 315274 (base 8) in base 16?
19abc
What is 32220541 (base 7) in base 13?
751345
-129435 (base 12) to base 11
-19a292
What is -3010101 (base 4) in base 10?
-12561
Convert b8c1c (base 15) to base 13.
177003
Convert -327611 (base 8) to base 5.
-12013343
Convert 1011411 (base 6) to base 14.
13875
31697c (base 13) to base 5
244012441
What is -508373 (base 9) in base 2?
-1001001100101001010
Convert 4224424 (base 7) to base 16.
7ca86
Convert 1121231 (base 5) to base 8.
47337
-47002 (base 14) to base 10
-172874
40004221 (base 5) to base 13
ac658
Convert 2537332 (base 12) to base 5.
3331302102
What is -164660 (base 7) in base 3?
-1200011022
What is -20132275 (base 8) in base 10?
-4240573
Convert 1420430320 (base 5) to base 3.
20221021200221
26638744 (base 9) to base 11
746157a
-383005 (base 9) to base 7
-1653611
404326 (base 8) to base 3
20202220022
1015411 (base 7) to base 15
26214
Convert -359084 (base 10) to base 7.
-3023615
Convert 111111100111000000010 (base 2) to base 9.
3826168
What is 3255423 (base 7) in base 6?
12330050
What is -5315221 (base 11) in base 6?
-532400555
What is a80886 (base 14) in base 13?
1241851
What is 878256 (base 10) in base 7?
10315341
Convert 1267d (base 16) to base 10.
75389
1067114 (base 9) to base 16
8ca04
Convert -246163 (base 9) to base 5.
-14230404
-111874 (base 9) to base 13
-246a0
1323010223 (base 4) to base 10
504107
Convert 307674 (base 8) to base 9.
165332
Convert 225a3 (base 12) to base 14.
12975
What is 319a152 (base 12) in base 11?
53485a9
219a07 (base 11) to base 9
583021
What is 4235a3 (base 12) in base 3?
1221222111020
What is -100000100001110 (base 2) in base 7?
-66361
What is 16532 (base 8) in base 9?
11268
Convert ca93c (base 16) to base 15.
115cc1
Convert 66959 (base 11) to base 16.
17ad9
Convert -1266832 (base 10) to base 16.
-135490
Convert -2260 (base 14) to base 3.
-22011220
Convert -122430033 (base 5) to base 14.
-115d0a
What is -16cf9e (base 16) in base 9?
-2727606
What is 3224103 (base 7) in base 2?
1011111111001010011
What is df562 (base 16) in base 9?
1643758
783705 (base 11) to base 12
502baa
Convert 120022002210 (base 3) to base 5.
34114102
-155ea9 (base 16) to base 2
-101010101111010101001
What is 203211102201 (base 4) in base 5?
4341442102
-1573c (base 14) to base 8
-150472
What is -11010110101001100011010 (base 2) in base 14?
-d113bc
Convert -11101000110101101111 (base 2) to base 7.
-11051333
What is 10001000011110111101 (base 2) in base 3?
1001101212002
What is 107460142 (base 8) in base 16?
11e6062
Convert -24186 (base 10) to base 6.
-303550
Convert -1200100211121 (base 3) to base 5.
-212033111
Convert 45046105 (base 7) to base 10.
3894133
Convert -25152540 (base 6) to base 10.
-808044
Convert 20474440 (base 8) to base 9.
8168746
-10220030111 (base 4) to base 9
-2248175
202013113 (base 4) to base 14
38cd1
Convert -1c8cbe (base 15) to base 8.
-5250022
Convert 1c31379 (base 13) to base 5.
4344331222
Convert -57982 (base 15) to base 11.
-1805a3
Convert 3101241 (base 6) to base 5.
14214212
Convert 11001010 (base 6) to base 16.
4fc9e
632142 (base 8) to base 14
56774
3d4781 (base 15) to base 3
12112221121211
What is -373d32 (base 15) in base 5?
-1134124342
-200121121200 (base 3) to base 11
-230319
Convert -562271 (base 10) to base 16.
-8945f
Convert 3a60904 (base 13) to base 10.
18366248
-102210012102 (base 3) to base 2
-111000101000100000
-678a9 (base 15) to base 13
-b6b95
What is -77130 (base 15) in base 2?
-1011100010110011110
Convert -61185 (base 9) to base 12.
-1b365
Convert 141620 (base 9) to base 13.
304cb
What is -13103313243 (base 5) in base 7?
-253421623
-579d6 (base 14) to base 4
-310003320
Convert -674a1 (base 11) to base 2.
-10111110111011110
Convert -100000111111100 (base 2) to base 11.
-11767
What is -69652 (base 11) in base 6?
-2053440
What is 10100010000111 (base 2) in base 8?
24207
What is -10001101001111001 (base 2) in base 13?
-26bb7
-4e9bcb (base 15) to base 9
-7100182
Convert 4788c2 (base 13) to base 7.
20325320
Convert -10101111001110001010101 (base 2) to base 11.
-3271875
546512 (base 7) to base 13
3489b
Convert 1020123002 (base 5) to base 13.
590382
What is -26164 (base 10) in base 15?
-7b44
What is 77348 (base 9) in base 10?
51317
Convert 323321332 (base 4) to base 13.
878bc
What is 19035 (base 12) in base 5?
2130304
What is -10432142 (base 5) in base 15?
-1c767
4588510 (base 9) to base 16
25d67f
What is 26730380 (base 9) in base 6?
1150355113
What is 54341503 (base 6) in base 9?
3031583
What is 1a1b1 (base 14) in base 15?
1493c
What is 221122012 (base 3) in base 15?
580e
What is -328c6c (base 13) in base 7?
-13056262
Convert 277246 (base 9) to base 12.
81bb0
Convert a8b36 (base 13) to base 12.
128682
Convert 8a043 (base 11) to base 7.
1052265
What is -572849 (base 16) in base 2?
-10101110010100001001001
What is 22791 (base 11) in base 4?
20001323
Convert -203344033 (base 5) to base 13.
-235763
-10771722 (base 8) to base 10
-2356178
a0bd12 (base 14) to ba